{"id":2,"date":"2014-03-14T10:41:06","date_gmt":"2014-03-14T10:41:06","guid":{"rendered":"http:\/\/wordpress.vbu-deutschland.de\/?page_id=2"},"modified":"2020-05-08T11:48:43","modified_gmt":"2020-05-08T09:48:43","slug":"beispiel-seite","status":"publish","type":"page","link":"https:\/\/wordpress.vbu-deutschland.de\/","title":{"rendered":"Barakiel Business Club e. V."},"content":{"rendered":"<p><span class=\"text4\">Der Barakiel Business Club e.V. ist eine 1989 gegr\u00fcndete Vereinigung freier Berufe und mittelst\u00e4ndischer Unternehmer. In Angelegenheiten der privaten und betrieblichen Vorsorge widmet sich der Verein der Interessenwahrnehmung und Unterst\u00fctzung seiner Mitglieder.<\/span><\/p>\n<p><span class=\"text4\">Die Thematik der privaten und betrieblichen Vorsorge ist vor dem Hintergrund der sich immer schneller wandelnden Gegebenheiten sowie gesetzlichen Rahmenbedingungen von st\u00e4ndiger Aktualit\u00e4t gekennzeichnet. Insbesondere Unternehmer haben ein gest\u00e4rktes Interesse an einer\u00a0 effektiven Vorsorge. Bereits getroffene Vorsorgema\u00dfnahmen k\u00f6nnen auch an aktuelle Bedingungen angepasst werden. Mitglieder des Vereins sind freiberuflich T\u00e4tige, mittelst\u00e4ndische Unternehmer, Gesch\u00e4ftsf\u00fchrer, Vorstandsmitglieder, Handwerker und Handwerksbetriebe.<\/span><\/p>\n","protected":false},"excerpt":{"rendered":"<p>Der Barakiel Business Club e.V. ist eine 1989 gegr\u00fcndete Vereinigung freier Berufe und mittelst\u00e4ndischer Unternehmer. In Angelegenheiten der privaten und betrieblichen Vorsorge widmet sich der Verein der Interessenwahrnehmung und Unterst\u00fctzung seiner Mitglieder. Die Thematik der privaten und betrieblichen Vorsorge ist vor dem Hintergrund der sich immer schneller wandelnden Gegebenheiten sowie gesetzlichen Rahmenbedingungen von st\u00e4ndiger Aktualit\u00e4t &hellip; <\/p>\n<p class=\"link-more\"><a href=\"https:\/\/wordpress.vbu-deutschland.de\/\" class=\"more-link\"><span class=\"screen-reader-text\">\u201eBarakiel Business Club e. V.\u201c <\/span>weiterlesen<\/a><\/p>\n","protected":false},"author":1,"featured_media":0,"parent":0,"menu_order":0,"comment_status":"closed","ping_status":"open","template":"","meta":{"footnotes":""},"class_list":["post-2","page","type-page","status-publish","hentry"],"_links":{"self":[{"href":"https:\/\/wordpress.vbu-deutschland.de\/index.php?rest_route=\/wp\/v2\/pages\/2","targetHints":{"allow":["GET"]}}],"collection":[{"href":"https:\/\/wordpress.vbu-deutschland.de\/index.php?rest_route=\/wp\/v2\/pages"}],"about":[{"href":"https:\/\/wordpress.vbu-deutschland.de\/index.php?rest_route=\/wp\/v2\/types\/page"}],"author":[{"embeddable":true,"href":"https:\/\/wordpress.vbu-deutschland.de\/index.php?rest_route=\/wp\/v2\/users\/1"}],"replies":[{"embeddable":true,"href":"https:\/\/wordpress.vbu-deutschland.de\/index.php?rest_route=%2Fwp%2Fv2%2Fcomments&post=2"}],"version-history":[{"count":3,"href":"https:\/\/wordpress.vbu-deutschland.de\/index.php?rest_route=\/wp\/v2\/pages\/2\/revisions"}],"predecessor-version":[{"id":77,"href":"https:\/\/wordpress.vbu-deutschland.de\/index.php?rest_route=\/wp\/v2\/pages\/2\/revisions\/77"}],"wp:attachment":[{"href":"https:\/\/wordpress.vbu-deutschland.de\/index.php?rest_route=%2Fwp%2Fv2%2Fmedia&parent=2"}],"curies":[{"name":"wp","href":"https:\/\/api.w.org\/{rel}","templated":true}]}}