{"id":40,"date":"2020-05-06T12:44:10","date_gmt":"2020-05-06T10:44:10","guid":{"rendered":"http:\/\/wordpress.vbu-deutschland.de\/?page_id=40"},"modified":"2020-05-08T11:53:41","modified_gmt":"2020-05-08T09:53:41","slug":"versicherungskonzepte","status":"publish","type":"page","link":"https:\/\/wordpress.vbu-deutschland.de\/?page_id=40","title":{"rendered":"Versicherungskonzepte"},"content":{"rendered":"\n<p><strong>Empfehlungen zielgruppenorientierter Versicherungskonzepte<\/strong><\/p>\n\n\n\n<p>Angeh\u00f6rige der freien Berufe oder Verantwortliche mittelst\u00e4ndischer Unternehmen haben besondere Anforderungen an den Versicherungsschutz. Einerseits muss das Unternehmen gut gesch\u00fctzt sein, damit nach einem Zwischenfall zumindest der finanzielle Schaden kalkulierbar bleibt. Andererseits ist es in der Position als Unternehmer von gro\u00dfer Bedeutung f\u00fcr eine angemessene und pers\u00f6nliche Absicherung zu sorgen. Bei Ausf\u00e4llen in Schl\u00fcsselpositionen ist h\u00e4ufig die Existenz des Unternehmens gef\u00e4hrdet.<\/p>\n\n\n\n<p>Um dem vorzubeugen, unterst\u00fctzt der Barakiel Business Club e.V. mit Empfehlungen in folgenden Bereichen:<\/p>\n\n\n\n<ul class=\"wp-block-list\"><li>Deckungskonzepte gewerblicher Sachversicherungen in Zusammenarbeit mit einem an der Hamburger Versicherungsb\u00f6rse zugelassenen Makler,<\/li><li>Besondere Betriebunterbrechungsversicherungen f\u00fcr Freiberufler,<\/li><li>Einkommens- bzw. Gehaltsabsicherungsmodelle mit angemessenen Karenzzeiten,<\/li><li>Rabattierte Vertr\u00e4ge f\u00fcr bestimmte Berufsgruppen in der Krankenversicherung,<\/li><li>Vereinfachte Gesundheitspr\u00fcfung im Bereich der Kranken- und Lebensversicherung,<\/li><li>Individuelle Konzeption von Altersvorsorgesystemen bis zu komplexen betrieblichen Modellen unter Ber\u00fccksichtigung des Altersverm\u00f6gensgesetzes (AVMG),<\/li><li>Zugang zu einer Verm\u00f6gensverwaltung, die nach wissenschaftlichen Methoden Rendite und Risiko optimiert, in Kooperation mit einem Finanzdienstleistungsinstitut im Sinne des Kreditwesengesetzes (KWG),<\/li><li>Verm\u00f6gensschadenversicherungen f\u00fcr Leiter von Unternehmen (D&amp;O-Konzepte).<\/li><\/ul>\n\n\n\n<p>Sie w\u00fcnschen ein individuelles Konzept, um Risiken zu minimieren und finanzielle Folgen eventueller Sch\u00e4den f\u00fcr Ihr Unternehmen kalkulierbar zu machen oder Empfehlungen zur Erreichung Ihrer individuellen Versorgungsziele?<\/p>\n\n\n\n<p>Senden Sie uns einfach eine&nbsp;<a href=\"mailto:info@vbu-deutschland.de\">E-Mail<\/a>, damit wir uns mit Ihnen in Verbindung setzen k\u00f6nnen.<\/p>\n","protected":false},"excerpt":{"rendered":"<p>Empfehlungen zielgruppenorientierter Versicherungskonzepte Angeh\u00f6rige der freien Berufe oder Verantwortliche mittelst\u00e4ndischer Unternehmen haben besondere Anforderungen an den Versicherungsschutz. Einerseits muss das Unternehmen gut gesch\u00fctzt sein, damit nach einem Zwischenfall zumindest der finanzielle Schaden kalkulierbar bleibt. Andererseits ist es in der Position als Unternehmer von gro\u00dfer Bedeutung f\u00fcr eine angemessene und pers\u00f6nliche Absicherung zu sorgen. Bei Ausf\u00e4llen &hellip; <\/p>\n<p class=\"link-more\"><a href=\"https:\/\/wordpress.vbu-deutschland.de\/?page_id=40\" class=\"more-link\"><span class=\"screen-reader-text\">\u201eVersicherungskonzepte\u201c <\/span>weiterlesen<\/a><\/p>\n","protected":false},"author":1,"featured_media":0,"parent":0,"menu_order":0,"comment_status":"closed","ping_status":"closed","template":"","meta":{"footnotes":""},"class_list":["post-40","page","type-page","status-publish","hentry"],"_links":{"self":[{"href":"https:\/\/wordpress.vbu-deutschland.de\/index.php?rest_route=\/wp\/v2\/pages\/40","targetHints":{"allow":["GET"]}}],"collection":[{"href":"https:\/\/wordpress.vbu-deutschland.de\/index.php?rest_route=\/wp\/v2\/pages"}],"about":[{"href":"https:\/\/wordpress.vbu-deutschland.de\/index.php?rest_route=\/wp\/v2\/types\/page"}],"author":[{"embeddable":true,"href":"https:\/\/wordpress.vbu-deutschland.de\/index.php?rest_route=\/wp\/v2\/users\/1"}],"replies":[{"embeddable":true,"href":"https:\/\/wordpress.vbu-deutschland.de\/index.php?rest_route=%2Fwp%2Fv2%2Fcomments&post=40"}],"version-history":[{"count":2,"href":"https:\/\/wordpress.vbu-deutschland.de\/index.php?rest_route=\/wp\/v2\/pages\/40\/revisions"}],"predecessor-version":[{"id":83,"href":"https:\/\/wordpress.vbu-deutschland.de\/index.php?rest_route=\/wp\/v2\/pages\/40\/revisions\/83"}],"wp:attachment":[{"href":"https:\/\/wordpress.vbu-deutschland.de\/index.php?rest_route=%2Fwp%2Fv2%2Fmedia&parent=40"}],"curies":[{"name":"wp","href":"https:\/\/api.w.org\/{rel}","templated":true}]}}