{"id":44,"date":"2020-05-06T12:46:05","date_gmt":"2020-05-06T10:46:05","guid":{"rendered":"http:\/\/wordpress.vbu-deutschland.de\/?page_id=44"},"modified":"2020-05-08T11:53:25","modified_gmt":"2020-05-08T09:53:25","slug":"pensionszusagen","status":"publish","type":"page","link":"https:\/\/wordpress.vbu-deutschland.de\/?page_id=44","title":{"rendered":"Pensionszusagen"},"content":{"rendered":"\n<p><strong>\u00dcberpr\u00fcfung bestehender Pensionszusagen f\u00fcr (Gesellschafter-) Gesch\u00e4ftsf\u00fchrer \u00fcber \u00f6ffentlich bestellte und vereidigte Sachverst\u00e4ndige<\/strong><\/p>\n\n\n\n<p>Die Pensionszusage als Durchf\u00fchrungsweg der betrieblichen Altersversorgung unterliegt sehr strengen steuerlichen und arbeitsrechtlichen Anforderungen, die sich im Laufe der Zeit ver\u00e4ndert haben. Unternehmer k\u00f6nnen sich in diesem Zusammenhang nur begrenzt auf eine Art Bestandsschutz verlassen. Vielmehr wird erwartet, dass Unternehmer auf ver\u00e4nderte Rechtssprechungen reagieren und f\u00fcr erforderliche Anpassungen sorgen.<\/p>\n\n\n\n<p>Welche Risiken bestehen?<\/p>\n\n\n\n<ul class=\"wp-block-list\"><li>Nichtanerkennung der Pensionszusage und steuerpflichtige Aufl\u00f6sung gebildeter R\u00fcckstellungen,<\/li><li>Fehlende Ausfinanzierung der Zusage, so dass das Unternehmen nachzahlen muss,<\/li><li>Eingeschr\u00e4nkte Verkaufsm\u00f6glichkeit des Unternehmens, da der Firmenwert durch die Zahlungsverpflichtung erheblich reduziert wird.<\/li><\/ul>\n\n\n\n<p>Wodurch k\u00f6nnte die Pensionszusage gef\u00e4hrdet sein?<\/p>\n\n\n\n<ul class=\"wp-block-list\"><li>Es fehlte eine klare schriftliche Vereinbarung.<\/li><li>Es fehlt ein oder nicht ordnungsgem\u00e4\u00df herbeigef\u00fchrter Gesellschafterbeschluss.<\/li><li>Die berechnete Kapitalleistung reicht aufgrund der gestiegenen Lebenserwartungskosten nicht mehr aus, um dem Unternehmer aus dem Unternehmen eine lebenslange Rente zahlen zu k\u00f6nnen.<\/li><li>Die R\u00fcckdeckungsversicherung zahlt aufgrund r\u00fcckl\u00e4ufiger \u00dcbersch\u00fcsse nicht mehr den erforderlichen Betrag aus (Gesunkene \u00dcberschussbeteiligung bei Versicherern von 10-25% innerhalb der letzten Jahre).<\/li><li>Es wurde vergessen, die R\u00fcckdeckungsversicherung auch f\u00fcr die Rentenphase verpf\u00e4nden zu lassen.<\/li><li>Die Zusage wurde nicht an gestiegene Bez\u00fcge angepasst.<\/li><\/ul>\n\n\n\n<p>Verschaffen Sie sich Sicherheit durch ein Kurzgutachten. Wir empfehlen Ihnen die Einschaltung eines \u00f6ffentlich bestellten und vereidigten Sachverst\u00e4ndigen f\u00fcr Versicherungsmathematik in der betrieblichen Altersversorgung. Er zeigt Ihnen auf Honorarbasis* die Risiken Ihrer Pensionszusage auf und hilft Ihnen dabei, diese zu minimieren.<\/p>\n\n\n\n<p>Sie w\u00fcnschen ein Kurzgutachten zu Sonderkonditionen \u00fcber den Barakiel Business Club e.V.?<\/p>\n\n\n\n<p>Senden Sie uns einfach eine&nbsp;<a href=\"mailto:info@vbu-deutschland.de\">E-Mail<\/a>, damit wir uns mit Ihnen in Verbindung setzen k\u00f6nnen.<\/p>\n\n\n\n<p><em>* Je nach Aufwand, ab \u20ac 250<\/em><\/p>\n","protected":false},"excerpt":{"rendered":"<p>\u00dcberpr\u00fcfung bestehender Pensionszusagen f\u00fcr (Gesellschafter-) Gesch\u00e4ftsf\u00fchrer \u00fcber \u00f6ffentlich bestellte und vereidigte Sachverst\u00e4ndige Die Pensionszusage als Durchf\u00fchrungsweg der betrieblichen Altersversorgung unterliegt sehr strengen steuerlichen und arbeitsrechtlichen Anforderungen, die sich im Laufe der Zeit ver\u00e4ndert haben. Unternehmer k\u00f6nnen sich in diesem Zusammenhang nur begrenzt auf eine Art Bestandsschutz verlassen. Vielmehr wird erwartet, dass Unternehmer auf ver\u00e4nderte Rechtssprechungen &hellip; <\/p>\n<p class=\"link-more\"><a href=\"https:\/\/wordpress.vbu-deutschland.de\/?page_id=44\" class=\"more-link\"><span class=\"screen-reader-text\">\u201ePensionszusagen\u201c <\/span>weiterlesen<\/a><\/p>\n","protected":false},"author":1,"featured_media":0,"parent":0,"menu_order":0,"comment_status":"closed","ping_status":"closed","template":"","meta":{"footnotes":""},"class_list":["post-44","page","type-page","status-publish","hentry"],"_links":{"self":[{"href":"https:\/\/wordpress.vbu-deutschland.de\/index.php?rest_route=\/wp\/v2\/pages\/44","targetHints":{"allow":["GET"]}}],"collection":[{"href":"https:\/\/wordpress.vbu-deutschland.de\/index.php?rest_route=\/wp\/v2\/pages"}],"about":[{"href":"https:\/\/wordpress.vbu-deutschland.de\/index.php?rest_route=\/wp\/v2\/types\/page"}],"author":[{"embeddable":true,"href":"https:\/\/wordpress.vbu-deutschland.de\/index.php?rest_route=\/wp\/v2\/users\/1"}],"replies":[{"embeddable":true,"href":"https:\/\/wordpress.vbu-deutschland.de\/index.php?rest_route=%2Fwp%2Fv2%2Fcomments&post=44"}],"version-history":[{"count":2,"href":"https:\/\/wordpress.vbu-deutschland.de\/index.php?rest_route=\/wp\/v2\/pages\/44\/revisions"}],"predecessor-version":[{"id":82,"href":"https:\/\/wordpress.vbu-deutschland.de\/index.php?rest_route=\/wp\/v2\/pages\/44\/revisions\/82"}],"wp:attachment":[{"href":"https:\/\/wordpress.vbu-deutschland.de\/index.php?rest_route=%2Fwp%2Fv2%2Fmedia&parent=44"}],"curies":[{"name":"wp","href":"https:\/\/api.w.org\/{rel}","templated":true}]}}