{"id":48,"date":"2020-05-06T12:56:10","date_gmt":"2020-05-06T10:56:10","guid":{"rendered":"http:\/\/wordpress.vbu-deutschland.de\/?page_id=48"},"modified":"2020-05-08T11:50:10","modified_gmt":"2020-05-08T09:50:10","slug":"impressum","status":"publish","type":"page","link":"https:\/\/wordpress.vbu-deutschland.de\/?page_id=48","title":{"rendered":"Impressum"},"content":{"rendered":"\n<p><strong>Kontakte sind wichtig.&nbsp;<\/strong><br><\/p>\n\n\n\n<h4 class=\"wp-block-heading\"><strong>Barakiel Business Club e.V.<\/strong>\u00a0<\/h4>\n\n\n\n<p>Pr\u00e4sident: Herr Christoff Spahl<br>Vizepr\u00e4sident: Herr Carsten Peise, Dipl.-Kfm.<br>Schriftf\u00fchrerin: Frau Inka Lammers&nbsp;<\/p>\n\n\n\n<p>Vereinsregister:13 583 (Amtsgericht Hamburg)<br>Kieler&nbsp;Str. 147&nbsp;&nbsp;&nbsp;<br>D-&nbsp;22769&nbsp;Hamburg<br><br>Service -Telefon:&nbsp; 040\/54 54 51&nbsp;<br>E-Mail:&nbsp;<a href=\"mailto:info@vbu-deutschland.de\"><strong>info@vbu-deutschland.de<\/strong><\/a>&nbsp;<\/p>\n","protected":false},"excerpt":{"rendered":"<p>Kontakte sind wichtig.&nbsp; Barakiel Business Club e.V.\u00a0 Pr\u00e4sident: Herr Christoff SpahlVizepr\u00e4sident: Herr Carsten Peise, Dipl.-Kfm.Schriftf\u00fchrerin: Frau Inka Lammers&nbsp; Vereinsregister:13 583 (Amtsgericht Hamburg)Kieler&nbsp;Str. 147&nbsp;&nbsp;&nbsp;D-&nbsp;22769&nbsp;Hamburg Service -Telefon:&nbsp; 040\/54 54 51&nbsp;E-Mail:&nbsp;info@vbu-deutschland.de&nbsp;<\/p>\n","protected":false},"author":1,"featured_media":0,"parent":0,"menu_order":0,"comment_status":"closed","ping_status":"closed","template":"","meta":{"footnotes":""},"class_list":["post-48","page","type-page","status-publish","hentry"],"_links":{"self":[{"href":"https:\/\/wordpress.vbu-deutschland.de\/index.php?rest_route=\/wp\/v2\/pages\/48","targetHints":{"allow":["GET"]}}],"collection":[{"href":"https:\/\/wordpress.vbu-deutschland.de\/index.php?rest_route=\/wp\/v2\/pages"}],"about":[{"href":"https:\/\/wordpress.vbu-deutschland.de\/index.php?rest_route=\/wp\/v2\/types\/page"}],"author":[{"embeddable":true,"href":"https:\/\/wordpress.vbu-deutschland.de\/index.php?rest_route=\/wp\/v2\/users\/1"}],"replies":[{"embeddable":true,"href":"https:\/\/wordpress.vbu-deutschland.de\/index.php?rest_route=%2Fwp%2Fv2%2Fcomments&post=48"}],"version-history":[{"count":3,"href":"https:\/\/wordpress.vbu-deutschland.de\/index.php?rest_route=\/wp\/v2\/pages\/48\/revisions"}],"predecessor-version":[{"id":79,"href":"https:\/\/wordpress.vbu-deutschland.de\/index.php?rest_route=\/wp\/v2\/pages\/48\/revisions\/79"}],"wp:attachment":[{"href":"https:\/\/wordpress.vbu-deutschland.de\/index.php?rest_route=%2Fwp%2Fv2%2Fmedia&parent=48"}],"curies":[{"name":"wp","href":"https:\/\/api.w.org\/{rel}","templated":true}]}}